5653. Determine p(-7).
214
Let l(z) = 21*z**2 - 79*z + 57. Determine l(5).
187
Let x(t) = 2*t**2 - 31*t + 132. Calculate x(6).
18
Let a(o) = -40*o - 289. Give a(-9).
71
Let t(c) = -24*c**2 + 353*c - 535. Determine t(13).
-2
Let s(p) = -3*p**2 + 18*p - 21. What is s(4)?
3
Let f(j) = 14*j + 91. Calculate f(-6).
7
Let d(p) = 30*p**2 - 8*p + 16. Determine d(2).
120
Let r(x) = 1158*x + 4622. What is r(-4)?
-10
Let q(c) = -c**3 - 17*c**2 + 25*c + 66. Calculate q(-18).
-60
Let y(p) = -p**3 + 25*p**2 + 27*p + 155. Give y(26).
181
Let r(s) = -25*s - 1068. What is r(-25)?
-443
Let y(g) = -g**3 - 28*g**2 - 13*g - 264. Determine y(-28).
100
Let k(g) = 6*g**2 + 78*g + 315. What is k(-6)?
63
Let s(j) = 3*j**3 + 40*j**2 - 167*j - 37. Determine s(4).
127
Let y(p) = -222*p + 52998. Calculate y(239).
-60
Let n(k) = 6*k**3 - 56*k**2 + 16*k + 14. What is n(9)?
-4
Let o(t) = -61*t**2 + 25*t - 1. What is o(2)?
-195
Let n(t) = t**2 - 76*t + 755. Determine n(62).
-113
Let t(w) = 9953*w - 89550. Give t(9).
27
Let c(g) = -g**2 + 77*g - 1638. Give c(30).
-228
Let m(t) = -t**3 - 52*t**2 - 626*t + 25. Determine m(-33).
-8
Let h(z) = -9*z**2 - 106*z - 366. What is h(-9)?
-141
Let y(c) = 5*c**2 - 24*c - 161. Determine y(-5).
84
Let q(w) = -202*w - 4700. Calculate q(-23).
-54
Let f(y) = -73*y**2 - 138*y - 270. Give f(-2).
-286
Let l(d) = -4*d - 364. Give l(27).
-472
Let z(s) = 49*s**2 + 127*s - 1. What is z(-3)?
59
Let r(h) = -51*h + 1279. What is r(23)?
106
Let d(w) = -26*w - 86. Give d(-6).
70
Let k(l) = -l**2 - 245*l + 2554. Give k(10).
4
Let p(h) = -37*h + 1086. What is p(28)?
50
Let m(s) = -s**2 + 22*s - 50. Determine m(19).
7
Let j(v) = -38*v + 340. Determine j(8).
36
Let k(p) = -p**3 - 13*p**2 - 30*p + 9. Give k(-10).
9
Let g(c) = -5*c + 138. Give g(51).
-117
Let r(x) = 6*x - 107. Give r(15).
-17
Let q(c) = 6*c - 405. What is q(55)?
-75
Let o(v) = -2*v**2 - 44*v - 62. Give o(-21).
-20
Let i(p) = -7*p**2 + 257*p - 654. Determine i(34).
-8
Let c(u) = -4*u**2 + u + 64. Determine c(9).
-251
Let k(i) = i**2 + 20*i - 26. Give k(-21).
-5
Let y(x) = x**2 + 29*x + 112. Give y(-12).
-92
Let b(l) = 3*l**3 - 112*l**2 + 648*l - 4352. Give b(32).
0
Let v(r) = -2*r**2 - 106*r + 945. Determine v(-61).
-31
Let k(d) = 5*d - 12. Calculate k(-2).
-22
Let g(l) = 2*l**3 + 5*l**2 + 4*l - 16. Determine g(2).
28
Let i(f) = -903*f + 25279. Give i(28).
-5
Let h(n) = -n**3 + 98*n**2 + 176*n + 2399. Give h(100).
-1
Let s(q) = q**2 + 39*q - 81. Calculate s(-41).
1
Let k(q) = -18*q**2 + 207*q - 267. What is k(10)?
3
Let h(r) = -3*r + 35. Determine h(19).
-22
Let q(o) = 13769*o - 674677. Determine q(49).
4
Let k(b) = -3*b**2 - 703*b + 4824. Determine k(-241).
4
Let d(p) = -p**2 + 43*p - 165. Give d(38).
25
Let g(k) = -k**2 - 5*k + 72. What is g(7)?
-12
Let z(k) = 18*k**3 - 432*k**2 + 9*k - 212. What is z(24)?
4
Let t(d) = -3*d + 114. Determine t(8).
90
Let w(m) = 2*m**2 + 981*m - 3946. Determine w(4).
10
Let w(t) = -327*t - 9473. Determine w(-29).
10
Let t(m) = -m**3 - 40*m**2 - 118*m - 272. What is t(-37)?
-13
Let o(w) = w**3 + 41*w**2 - 392*w - 51. Determine o(-49).
-51
Let k(x) = x**3 - 35*x**2 - 83*x + 76. What is k(37)?
-257
Let g(t) = -t**3 + 31*t**2 - 238*t + 7374. Determine g(31).
-4
Let m(o) = -o**2 + 35*o + 104. What is m(38)?
-10
Let s(r) = 3*r**2 - 53*r - 50. Calculate s(19).
26
Let n(r) = r**2 - 8*r - 492. Give n(-28).
516
Let n(x) = 2*x**3 - 36*x**2 - 2*x + 29. Determine n(18).
-7
Let x(q) = -4*q**2 + 4*q - 10. Calculate x(-4).
-90
Let z(a) = 8*a**2 - 174*a - 657. Calculate z(25).
-7
Let o(v) = -46*v - 117. What is o(-4)?
67
Let j(h) = -25*h - 351. Give j(-13).
-26
Let w(a) = -22*a**2 - 10*a - 2. Calculate w(-2).
-70
Let z(l) = l**3 + 58*l**2 + 43*l + 2589. Give z(-58).
95
Let j(d) = 68*d + 7106. Determine j(-105).
-34
Let j(t) = -25*t**2 - 3. What is j(-1)?
-28
Let v(m) = 24*m + 21. Calculate v(-6).
-123
Let i(t) = t**2 - 22*t + 49. Calculate i(5).
-36
Let r(i) = i**3 + 50*i**2 + 227*i + 10. Calculate r(-5).
0
Let j(p) = -p**2 - 17*p - 91. Determine j(0).
-91
Let v(j) = -j**3 - 9*j**2 + 24*j - 27. Determine v(-11).
-49
Let c(v) = -v**3 + 8*v**2 + 10*v - 90. What is c(8)?
-10
Let p(z) = z**3 + 38*z**2 + 37*z - 56. What is p(-37)?
-56
Let a(r) = -2*r**2 + 12*r + 48. Give a(8).
16
Let g(q) = -7*q**2 + 142*q - 672. Determine g(9).
39
Let a(k) = k**3 + 19*k**2 + 107*k + 175. Determine a(-10).
5
Let m(l) = l**3 + 11*l**2 + 252*l - 2. Calculate m(0).
-2
Let z(b) = b**3 + 9*b**2 + 4*b + 21. Determine z(-10).
-119
Let s(k) = -5*k**3 + 33*k**2 - 1. What is s(6)?
107
Let h(v) = v**3 - 4*v**2 + 4*v + 7. Give h(3).
10
Let o(c) = -73*c + 30. Calculate o(6).
-408
Let h(s) = s**3 - 59*s**2 - 252*s. What is h(-4)?
0
Let a(n) = -4*n**2 - 34*n - 55. Determine a(-6).
5
Let r(t) = -5*t**2 + 195*t - 1755. Calculate r(25).
-5
Let c(a) = -297*a - 16917. Determine c(-57).
12
Let j(z) = 3*z**3 + 473*z**2 - 156*z + 313. What is j(-158)?
-3
Let i(f) = -f**3 + 6*f**2 - 12*f + 8. Give i(5).
-27
Let o(n) = n**2 + 46*n - 393. Determine o(7).
-22
Let c(r) = -r**3 + 9*r**2 - 5*r - 35. Give c(8).
-11
Let w(m) = -m**3 - 7*m**2 - 6*m - 22. What is w(-7)?
20
Let u(c) = 2*c**2 + 120*c + 159. Give u(-59).
41
Let i(u) = -u**3 - 43*u**2 - 219*u + 85. What is i(-37)?
-26
Let t(d) = -d**3 - 75*d**2 + 1146*d + 39. Give t(13).
65
Let d(c) = -6*c**2 - 755*c - 4998. Calculate d(-7).
-7
Let a(b) = -b**3 - 13*b**2 - 16*b + 37. Determine a(-10).
-103
Let z(a) = -31*a**2 - 648*a + 37. Calculate z(-21).
-26
Let q(v) = v**3 - 5*v**2 + 49*v - 174. Calculate q(4).
6
Let g(j) = -j**2 + 49*j + 1094. Give g(-20).
-286
Let z(q) = -5*q**2 - 54*q - 126. Calculate z(-6).
18
Let j(f) = -5*f + 586. Give j(125).
-39
Let x(j) = 52*j + 129. Calculate x(-6).
-183
Let u(d) = 3829*d - 61288. Calculate u(16).
-24
Let v(g) = -g**2 + 24*g + 49. Determine v(28).
-63
Let c(m) = -2*m**3 - 114*m**2 - 222*m - 102. Calculate c(-55).
8
Let k(r) = -r**3 + 27*r**2 + 60*r - 44. What is k(29)?
14
Let t(n) = 1844*n + 11048. Give t(-6).
-16
Let l(d) = -3*d**2 + 59*d - 340. Give l(14).
-102
Let z(d) = 16*d**2 + 2350*d + 2033. Determine z(-146).
-11
Let n(i) = -13*i + 93. What is n(17)?
-128
Let j(u) = 13*u + 99. What is j(-10)?
-31
Let x(n) = -n**3 + 25*n**2 + 60*n - 38. Give x(27).
124
Let n(c) = -4*c**2 - 16*c + 7. What is n(-5)?
-13
Let d(z) = -z**2 + 20*z - 127. Calculate d(15).
-52
Let c(b) = 105*b**2 - 54*b + 103. What is c(2)?
415
Let k(z) = 3*z**2 - 86*z + 66. Determine k(28).
10
Let c(j) = -5*j**2 + 190*j - 183. Determine c(40).
-583
Let c(h) = 72*h**3 + 6*h**2 + 15*h + 4. What is c(-2)?
-578
Let o(y) = 23*y**3 - 1541*y**2 - 4*y + 239. Determine o(67).
-29
Let o(b) = -b**3 - 20*b**2 - 48*b - 39. Give o(-18).
177
Let y(g) = 294*g - 5582. Give y(19).
4
Let t(c) = 481*c + 20277. Calculate t(-42).
75
Let f(h) = h**2 - 84*h + 485. Determine f(7).
-54
Let u(l) = 4*l**2 + 114*l + 23. Give u(-27).
-139
Let i(q) = -q**2 + 41*q + 240. Give i(48).
-96
Let w(x) = -x**3 - 12*x**2 + 121*x + 279. Give w(-2).
-3
Let q(p) = -9*p**2 - 570*p + 5134. Determine q(8).
-2
Let l(v) = v**2 - 189*v + 8118. What is l(66)?
0
Let z(l) = 28*l**3 + 3*l**2 + 10*l + 15. Determine z(-2).
-217
Let h(y) = -y**3 + 3*y**2 - 1952*y + 14. Give h(0).
14
Let m(l) = -5*l**2 - 206*l - 41. What is m(-41)?
0
Let y(j) = j**2 + j - 5102. Calculate y(-73).
154
Let o(a) = -a**2 + 15*a - 34. What is o(18)?
-88
Let v(a) = 2*a**2 + 139*a - 361. Determine v(-72).
-1
Let i(v) = -181*v + 118. Determine i(-6).
1204
Let x(a) = -12*a**2 + 16*a - 12. Determine x(-5).
-392
Let m(o) = -20*o - 105. Give m(-12).
135
Let g(r) = 3*r**2 - 10*r - 340. Determine g(15).
185
Let v(l) = -17*l**3 + 322*l**2 - 74*l + 1758. What is v(19)?
-9
Let d(t) = 40*t**2 - 357*t - 19. What is d(9)?
8
Let k(g) = g**2 + 1138*g + 12409. What is k(-11)?
12
Let v(c) = -c**3 - 58*c**2 + 121*c + 34. What is v(-60)?
-26
Let b(m) = 549*m + 1517. Calculate b(-2).
419
Let y(z) = z**2 - 20*z - 190. Calculate y(16).
-254
Let l(d) = -4*d**2 - 846*d - 2509. Determine l(-3).
-7
Let b(h) = h**3 - 52*h**2 + 107*h - 347. Give b(50).
3
Let h(q) = -112*q**2 - 523*q - 7. Give h(-5).
-192
Let r(n) = -119*n + 1584. Determine r(16).
-320
Let v(r) = -98*r**3 + 41*r**2 - 35*r - 7. Give v(1).
-99
Let x(h) = -23*h + 522. Calculate x(26).
-76
Let m(u) = -55*u - 41. Give 